5851. What is d(18)?
109
Let m(c) = 88*c**2 - 30*c - 8. Give m(1).
50
Let b(q) = 100*q**2 + 33*q + 6. Calculate b(-3).
807
Let o(u) = -109*u - 71406. Give o(-658).
316
Let n(r) = -2*r**3 + 146*r**2 + 950*r - 163. What is n(79)?
-5
Let k(g) = 93*g**2 - 5856*g - 91. What is k(63)?
98
Let b(m) = 94*m - 599. What is b(-8)?
-1351
Let x(v) = v**2 + 64*v + 1272. Give x(-22).
348
Let n(j) = -8574*j - 17161. What is n(-2)?
-13
Let m(b) = -150*b - 3349. What is m(-3)?
-2899
Let l(c) = -5690*c - 34200. What is l(-6)?
-60
Let x(r) = -965*r**2 + 26988*r + 857. Give x(28).
-39
Let t(u) = 223*u + 3895. What is t(-17)?
104
Let d(h) = h**2 - 32*h - 3540. Determine d(-46).
48
Let f(x) = -10363*x + 92940. Calculate f(9).
-327
Let b(g) = 14729*g - 544994. Give b(37).
-21
Let r(i) = -26719*i + 400767. Calculate r(15).
-18
Let c(x) = 16758*x + 50337. What is c(-3)?
63
Let m(a) = -285*a**2 - 7106*a + 334. Give m(-25).
-141
Let s(u) = 11*u**3 + 2*u**2 + 183*u + 812. Calculate s(-5).
-1428
Let a(f) = f**3 - 32*f**2 + 123*f + 2096. Calculate a(21).
-172
Let q(f) = -f**3 + 62*f**2 - 59*f + 154. What is q(61)?
276
Let o(s) = 3*s**3 - 517*s**2 + 627*s + 9755. Calculate o(171).
8
Let h(z) = -2*z**3 + 38*z**2 - 109*z + 67. Calculate h(2).
-15
Let u(b) = -12332*b - 4661511. Determine u(-378).
-15
Let f(i) = 570*i**2 - 17099*i - 50. Calculate f(30).
-20
Let l(w) = w**2 - 51360*w + 5177154. What is l(101)?
-5
Let m(l) = -34*l**2 - 12036*l - 59330. Determine m(-5).
0
Let f(d) = d**3 - 86*d**2 - 165*d + 14770. Give f(86).
580
Let u(p) = -2*p**2 - 3491*p - 51941. Determine u(-15).
-26
Let v(x) = -4*x**3 + x**2 + 2518*x + 2519. Calculate v(-1).
6
Let y(f) = -f**3 + 21*f**2 - 26*f - 756. What is y(14)?
252
Let s(p) = 168*p + 33000. Calculate s(-197).
-96
Let r(l) = -l**2 - 101*l - 1896. Give r(-24).
-48
Let g(m) = 91280*m + 365141. What is g(-4)?
21
Let j(r) = -273280*r - 1366415. What is j(-5)?
-15
Let o(a) = -624*a**2 + 20618*a + 96. Determine o(33).
954
Let g(z) = 14*z**2 + 12155*z + 24312. What is g(-2)?
58
Let d(n) = 3691*n - 2074450. What is d(562)?
-108
Let q(a) = 4*a**3 + 5291*a**2 + 51204*a - 3952. Give q(-1313).
-13
Let h(r) = r**2 - 2365*r - 14137. Calculate h(-6).
89
Let i(t) = 83*t**3 - 374*t**2 - 199*t - 3. Give i(5).
27
Let m(h) = -2*h**2 + 226*h + 11377. What is m(-38)?
-99
Let v(b) = b**2 + 11088*b - 545732. Calculate v(49).
-19
Let f(x) = 4461*x - 26801. What is f(6)?
-35
Let i(x) = 3*x**3 + 30*x**2 + 80*x - 23. Determine i(-7).
-142
Let a(o) = -340*o**2 - 7481*o - 45. Give a(-22).
-23
Let u(b) = -b**2 + 16815*b - 117715. Give u(7).
-59
Let n(p) = 47408*p - 426668. Calculate n(9).
4
Let j(i) = i**3 + 36*i**2 - 63686*i - 2292700. Determine j(-36).
-4
Let v(x) = -2*x**3 - 5*x**2 - 1064*x + 1061. Give v(1).
-10
Let l(x) = 1143*x + 175977. What is l(-154)?
-45
Let c(h) = -h**2 + 45716*h + 914623. Determine c(-20).
-97
Let r(b) = -2*b**3 + 37*b**2 - 80*b + 1076. Give r(18).
-40
Let c(x) = -18*x**3 + 348*x**2 - 120*x - 2. Determine c(19).
-116
Let r(s) = 9*s**3 + 1117*s**2 + 11300*s - 19. Determine r(-113).
-19
Let l(a) = -2*a**2 + 498*a - 25724. Determine l(73).
-28
Let v(m) = -188146*m - 2257771. What is v(-12)?
-19
Let y(b) = 3*b**2 - 453*b + 10914. Give y(121).
24
Let f(o) = o**2 + 108*o + 2580. Calculate f(-65).
-215
Let b(r) = -r**3 + 69*r**2 + 214*r + 129. Give b(72).
-15
Let p(m) = m**3 + 15*m**2 - 12*m + 318. What is p(-18)?
-438
Let b(d) = -2*d**3 + 26*d**2 - 2009*d + 26166. What is b(13)?
49
Let j(n) = -n**2 - 193*n - 5624. Give j(-156).
148
Let k(b) = 5*b**3 - 61*b**2 + 124*b - 1463. Give k(12).
-119
Let c(s) = -641*s + 6095. What is c(8)?
967
Let o(t) = -7586*t + 75783. Calculate o(10).
-77
Let z(h) = 64565*h + 1678695. Determine z(-26).
5
Let o(r) = -299*r - 1676. Calculate o(-11).
1613
Let l(i) = 5*i**2 + 79*i + 324. Give l(-13).
142
Let u(h) = h**2 + 487*h + 23379. Calculate u(-54).
-3
Let c(y) = 26924*y - 215445. Give c(8).
-53
Let y(m) = m**2 + 4803*m - 96447. Give y(20).
13
Let i(f) = 6*f**2 + 5*f + 367. Determine i(-8).
711
Let h(k) = 117*k**2 - 439*k - 39. Determine h(4).
77
Let h(g) = -466*g + 11716. Determine h(25).
66
Let d(t) = 72*t**2 + 752*t + 12. Calculate d(-5).
-1948
Let i(g) = -2*g**2 - 70980*g - 1276852. Determine i(-18).
140
Let m(j) = -j**3 - 728*j**2 + 18821*j + 70. Determine m(25).
-30
Let g(j) = 13*j**2 + 304*j + 1932. Calculate g(-8).
332
Let r(n) = n**2 + 41818*n - 125444. Calculate r(3).
19
Let h(b) = -6499*b + 90990. Calculate h(14).
4
Let s(t) = -74349*t - 148589. Calculate s(-2).
109
Let c(k) = 3*k**3 + 30*k**2 + 192*k + 2482. Determine c(-11).
7
Let u(w) = -16*w**3 - 240*w**2 + 199*w + 2993. What is u(-15)?
8
Let z(t) = t**2 - 58*t - 63764. Determine z(-225).
-89
Let h(l) = -3*l**2 - 148*l - 1483. What is h(-38)?
-191
Let x(c) = -433*c**2 - 803*c - 383. Calculate x(-1).
-13
Let v(c) = 15*c**2 - 186*c - 113. Determine v(12).
-185
Let l(c) = 8*c**2 + 1326*c - 8574. Calculate l(-172).
26
Let t(d) = 11*d**3 - 1526*d**2 + 31274*d + 26. Determine t(25).
1
Let y(t) = 12143*t + 2222177. What is y(-183)?
8
Let n(h) = -h**3 + 69*h**2 + 428*h + 1470. Determine n(75).
-180
Let l(r) = -1751*r - 320391. Give l(-183).
42
Let l(c) = -115*c + 8077. Determine l(51).
2212
Let t(f) = f**3 - 57*f**2 + 102*f + 3172. What is t(54)?
-68
Let k(v) = -5*v**2 - 178*v + 495. Give k(-38).
39
Let s(p) = 6306*p - 26549. Calculate s(4).
-1325
Let r(m) = -351*m - 2286. What is r(-6)?
-180
Let p(m) = -5*m**3 - 110*m**2 - 29*m - 600. Determine p(-22).
38
Let o(g) = 86*g**2 + 4117*g + 18440. Determine o(-5).
5
Let p(v) = 11*v**2 + 680*v + 9806. Determine p(-39).
17
Let g(o) = o**3 - 48*o**2 + 445*o + 1054. Determine g(34).
0
Let z(x) = -2*x**3 - 17*x**2 + 288*x + 1622. What is z(-5)?
7
Let s(a) = -a**3 - 80*a**2 - 1900*a - 11556. What is s(-38)?
-4
Let d(z) = -2*z**3 + 83*z**2 + 2627*z - 108547. What is d(42)?
23
Let m(i) = -2447494*i - 9789984. What is m(-4)?
-8
Let t(j) = 3*j**2 + 5804*j + 103495. What is t(-18)?
-5
Let v(q) = -2880*q + 184677. What is v(64)?
357
Let b(k) = -k**3 - 38*k**2 - 76*k - 445. Calculate b(-38).
2443
Let r(m) = m**2 - 824*m - 171316. Determine r(-172).
-4
Let p(n) = -n**3 + 494*n**2 - 498*n + 2469. Determine p(493).
4
Let b(d) = 1117*d**3 - 1107*d**2 - 167*d + 167. Give b(1).
10
Let m(d) = -2*d**2 - 255*d - 6834. What is m(-38)?
-32
Let f(t) = -62*t + 6810. Give f(106).
238
Let c(a) = -a**3 - 2555*a**2 + 5164*a - 97. Calculate c(2).
3
Let o(v) = -7*v**2 - 99*v - 358. What is o(-11)?
-116
Let v(p) = -195*p**3 - 816*p**2 - 107*p - 427. What is v(-4)?
-575
Let z(o) = 31*o**3 + 1053*o**2 - 93*o - 2007. What is z(-34)?
-1
Let d(n) = -4788*n + 664. Give d(0).
664
Let k(n) = -n**3 + 3*n**2 + 477*n - 1197. Calculate k(22).
101
Let j(q) = 6*q**2 - 6197*q - 68897. Determine j(-11).
-4
Let b(p) = 10*p**2 + 349*p - 2637. Give b(7).
296
Let a(l) = -3*l**3 + 6*l**2 - 247*l + 651. Calculate a(3).
-117
Let z(m) = 1171*m + 329050. Calculate z(-281).
-1
Let b(j) = 2*j - 3009. Give b(-121).
-3251
Let o(a) = -a**3 - 65*a**2 - 1586*a - 77177. Calculate o(-60).
-17
Let o(z) = 52*z**2 + 327*z + 672. What is o(-2)?
226
Let x(u) = -2908*u**2 - 308260*u - 1274. Determine x(-106).
-2
Let b(l) = l**3 + 6*l**2 + 691*l + 6112. What is b(-10)?
-1198
Let x(m) = -700*m**2 - 1428*m - 4. What is x(-2)?
52
Let d(s) = -41242*s + 989814. Calculate d(24).
6
Let s(d) = 47*d**2 - 6776*d + 1187. Determine s(144).
35
Let o(b) = -b**3 + 2*b**2 - 456*b + 1379. Give o(3).
2
Let i(r) = 3369*r - 1276833. Determine i(379).
18
Let i(o) = 1877*o + 810858. Give i(-432).
-6
Let r(o) = -848*o - 8461. Determine r(-17).
5955
Let u(p) = -2397*p + 14364. Give u(6).
-18
Let k(c) = -c**3 - c**2 + 938*c + 212. Determine k(0).
212
Let r(s) = -3*s**2 + 1114*s + 12628. Give r(-11).
11
Let f(s) = 25170*s - 251924. Calculate f(10).
-224
Let y(v) = 2238*v**2 - 472219*v + 182. Determine y(211).
-29
Let m(a) = a**3 - 89*a**2 + 1849*a + 48. Determine m(56).
104
Let r(f) = -3*f**2 + 355*f - 3131. Give r(10).
119
Let g(c) = c**3 - 336*c**2 + 4230*c - 9993. Calculate g(323).
20
Let c(o) = -o**3 - 72*o**2 - 947*o - 685. Give c(-55).
-25
Let v(k) = 61*k + 3746. What is v(-61)?
25
Let c(b) = b**3 + 20*b**2 - 129*b - 1931. Calculate c(-21).
337
Let q(t) = -2*t**2 - 304361*t - 1521820. Determine q(-5).
-65
